se
Suppose -5*a = 2 - 17, 4*d = -a + 431. Suppose 4*y - b - 353 = 0, -y + d = -5*b + b. Is y a composite number?
True
Let c be -1 - 0 - 0 - -6. Let l = c - -152. Is l a prime number?
True
Suppose -a = -5*y - 6*a + 9200, 4*y = 3*a + 7367. Is y a prime number?
False
Let r(c) = 3*c**2 + 5*c - 6. Let b be r(6). Let n = b - 63. Is n composite?
True
Suppose 0 = 3*g - 2*m - 1831, -4*g = -g - 5*m - 1819. Suppose -g = -3*k + 2*t, 5*k - 816 = k + 4*t. Is k prime?
False
Let v = 416 - 289. Is v composite?
False
Let n(s) be the third derivative of -2*s**2 - 5/24*s**4 + 0 + 0*s - 1/60*s**5 + 1/6*s**3. Is n(-3) composite?
False
Let n(c) be the first derivative of -5 - 8*c**2 - c + 2 + 2*c. Is n(-4) prime?
False
Suppose -9*f + 8*f = -65. Is f a prime number?
False
Suppose 3*n = -4*h + 89, 4*n + 0 + 4 = 0. Is h prime?
True
Let v be (-138)/9 - 4/6. Is (124/v)/((-1)/28) a composite number?
True
Let h = 316 + -125. Is h prime?
True
Let m(i) = -22*i - 4. Let d(y) = -2 - y - y - 9*y. Let t(k) = -7*d(k) + 4*m(k). Is t(-3) composite?
False
Let n(h) = -87*h + 2. Is n(-3) a prime number?
True
Suppose 6*n = 4*n. Suppose j - 3*x = 125, 5*j + 3*x - 716 + 127 = n. Is j prime?
False
Is 367 + 11 + -1 + 2 a prime number?
True
Let x = -6 + 8. Suppose x*z - 7*z = -635. Is z a prime number?
True
Let c = -3 + 6. Let q be 3115/5 - c*1. Suppose -q = -5*l + 3*u, 386 = 2*l + l + u. Is l composite?
False
Let b(d) = 34*d**3 - 7*d**2 + 5*d + 11. Is b(4) composite?
True
Let n be 90 + -1 + (-2)/(-2). Let a = -188 + n. Is (-2 + (-3)/(-2))*a a composite number?
True
Suppose -2*u - 3 = -3*d + 163, 2*d + 4*u = 84. Suppose q = 27 + d. Is q composite?
False
Suppose 0 = -2*g - 0*g - 304. Let d = 229 + g. Is d prime?
False
Let v(n) = -2*n + 1. Let d be v(-4). Let y(o) be the third derivative of -o**6/120 + 3*o**5/20 + 13*o**4/24 + o**3/3 - 2*o**2. Is y(d) prime?
False
Let k(b) = 36*b**3 - 16*b - 3. Is k(5) composite?
True
Let f = 78 + 85. Is f composite?
False
Let t be (-1)/4 - 26/(-8). Let s(r) = 49*r + 5. Let k be s(4). Suppose t*z = 3*h + 201, -3*z - 4*h + k = -0*h. Is z composite?
False
Suppose 5*h + 152 = g + g, -180 = -2*g - 2*h. Is g a composite number?
True
Let x = -12 + 8. Let t(h) = -h**2 - 2*h - 5. Let m be t(x). Let n = m - -23. Is n a prime number?
False
Let s(q) = q**2 + q + 37. Let t = 1 - -4. Let i(k) = -k**2 + 5*k. Let u be i(t). Is s(u) a composite number?
False
Suppose 0 = -2*d + d + 428. Let g = 21 + d. Is g prime?
True
Let b be (-38)/(-8) - 3/(-12). Suppose 2*a = 0, -b*p + 3*a = 15 - 130. Is p a composite number?
False
Let k = 193 + 72. Is k composite?
True
Suppose -4823 = -17*z + 4*z. Is z a composite number?
True
Suppose 3*p - 13004 = -p. Suppose -4*l = 5*d - p, -2*d - 5*l = -3*l - 1302. Is d a composite number?
False
Suppose 4*i + 5*t + 0 + 8 = 0, -10 = 5*i - 4*t. Let x be i/4 - (-21)/6. Suppose -76 = -x*u - u. Is u a composite number?
False
Suppose -4*h + 6 = -2*l, 6*h = h + l + 12. Suppose -3*q = -h - 654. Is q a composite number?
True
Suppose b = -4*b - c + 4767, 3*b + 5*c = 2869. Is b a prime number?
True
Suppose -1766 = -4*d - 2*t + 4*t, -2*d + 863 = 3*t. Is d a composite number?
False
Is -2 + 2 - 0 - (-122 + -5) a composite number?
False
Suppose -3*t + t = -2. Let i be (-11)/2*(11 + t). Is i*(-1 + 3/6) a composite number?
True
Let i = 229 - 142. Suppose 4*f = i - 19. Let x = f + -11. Is x a composite number?
True
Suppose -4*o + 2*l = -24, -3*l + 11 = 3*o - 7. Let a be (0 - 0)/((-2)/1). Let w = a + o. Is w prime?
False
Suppose -5*s = -3*y - 0*y + 630, -4*s = -5*y + 1037. Is y prime?
False
Let i = 8 - 14. Let h(q) = 2*q**2 + 4*q + 5. Is h(i) composite?
False
Suppose -2*c + 4*y = -16, -4*y + 6*y = -3*c + 16. Is 209/1 + c/3 a prime number?
True
Suppose 2*u + 5*b = 6*u + 27, 4*u - 2*b + 30 = 0. Is 2 - (-1 - u)*-5 composite?
False
Suppose 3*v = 6*v. Suppose 0 = -v*m + m - 5, -5*h = -4*m - 720. Let u = h + -102. Is u a prime number?
False
Suppose j - 18 + 1 = 3*u, 5*j - 35 = 5*u. Suppose 4*c = -c + i + 36, 4*c - j*i = 30. Is c composite?
False
Let g = -2220 - -3701. Is g composite?
False
Let k(n) = 12*n + 1. Let z(h) = -h**3 - 5*h**2 - 4*h + 4. Let s be z(-4). Let x = 7 - s. Is k(x) a composite number?
False
Let k(s) = 3*s**2 - 5*s - 3. Let d be k(4). Let b = d + -18. Is b a composite number?
False
Suppose 12 = -0*l + l - v, -2 = v. Is 742/l - 2/10 a prime number?
False
Let h(v) = 3*v**3 - v**2 + 1. Let l be h(-1). Is l/(-12) - (-2966)/8 prime?
False
Suppose -3*b - 2 = j, -6*j + 2*b = -5*j - 8. Suppose c + j*z - 9 - 22 = 0, -2*z = -10. Is 207/c - (-4)/22 a prime number?
True
Let b(j) = -3*j**3 - 4*j**2 + 4*j + 4. Is b(-5) composite?
True
Suppose -a - 3*g + 89 = -6*g, -2*g = a - 64. Is a a composite number?
True
Let q(n) = -n + 1. Let m be q(-1). Suppose 5*w = -2*k + 99, 2*k + m*w = 125 - 11. Let o = k - 5. Is o a prime number?
False
Suppose 20 = 3*z + 8. Suppose -2*s + z = -14. Is (-2)/(-3) - (-327)/s a prime number?
True
Let s(l) = l + 25. Let j be s(0). Suppose -z + 16 = 2*k, 0*k - 3*k - z = -j. Is k composite?
True
Suppose 0 = -2*y + 3*z + 246, 4*y - 2*z - 183 = 301. Let a = 25 + y. Is a prime?
False
Suppose 90 = 4*k + k. Is (k/(-15))/((-6)/705) a prime number?
False
Is (-17 - 2)/((-3)/1 + 2) a composite number?
False
Suppose -p + 4*o = -55, 2*p + o - 3*o - 110 = 0. Is p a composite number?
True
Let i be 16/40 - 88/(-5). Suppose -4*v = -5*q + 13, -3*q + i = 2*v - v. Suppose -z + q*z - 532 = 0. Is z a composite number?
True
Let h(b) = -2*b - b + b - b**3 - 12*b**2 - 14 + 0*b. Let u be h(-10). Is 1/((-196)/u - 1) composite?
False
Suppose -3*d + 4*p + 2 = -p, 0 = -3*p + 6. Suppose -5*b - d*m + 291 = 0, 0*m + 2 = -2*m. Is b composite?
False
Suppose -5*f = x + 39, f - 3*x = 3 + 2. Let s(q) = -q - 3. Let m be s(f). Let n = m + 43. Is n a prime number?
True
Let n = 1 - 5. Is (n/12)/((-2)/402) composite?
False
Suppose -4*w = -2*w - 4. Suppose -w - 13 = -5*i, -t + 223 = 4*i. Is t composite?
False
Suppose 3*c - 20 = -2*c. Suppose 3*x = j + 7*x - 6, -j = -c*x + 2. Suppose 45 = j*u - t, t = 2*t - 1. Is u prime?
True
Let c = 4013 - 2842. Is c a composite number?
False
Is (-761)/(-6) - 2/(-12) composite?
False
Suppose 0*k + 2*k = -4*w + 10, -3*w = -2*k - 4. Is k/(2 + (-219)/111) a prime number?
True
Let g(z) = 14*z**2 - 2*z + 1. Is g(2) a composite number?
False
Is (6/2)/3 + 334 prime?
False
Let b(t) = -404*t + 2 + 3 - 4. Let y be b(-1). Suppose -3*f + 6*z + y = 2*z, -4*z = -2*f + 274. Is f a composite number?
False
Let p(w) = 10*w + 3. Let v be (4 + -2)/(2/(-3)). Let q be p(v). Let b = -17 - q. Is b composite?
True
Let w = 20 + -14. Let s(t) = 3*t**3 - 5*t**2 + 5*t + 1. Is s(w) composite?
False
Suppose 80 = d - 23. Is d a composite number?
False
Let t be (-12)/(-1)*(33 + -4). Suppose j - 3*k = 5*j - 267, -5*j = -k - t. Is j a prime number?
False
Let u(c) = 183*c**3 + c**2 + c - 1. Let v be u(1). Suppose -v + 1589 = 5*w. Suppose -w - 51 = -4*g. Is g prime?
True
Let z(g) = -620*g + 67. Is z(-6) a composite number?
True
Let t be 3/(2 + 3 + -2). Let l(j) = -23*j + 1. Let y(i) = -i. Let m(q) = t*l(q) + 6*y(q). Is m(-2) a prime number?
True
Let k(w) be the third derivative of -77*w**4/24 + w**3/3 + 3*w**2. Let t be k(-2). Suppose 500 = 4*o - 2*n, 5*o + t - 779 = 3*n. Is o a composite number?
False
Let i = 1606 - 621. Is i composite?
True
Let a be 7 + 0 + 3/3. Suppose -a = x + x. Is 164/8 + (-2)/x composite?
True
Suppose -595 = -4*n + 349. Suppose -3*g + 211 = -n. Is g a composite number?
False
Suppose -2*b + 0*b = -74. Is b a prime number?
True
Suppose -15 = 5*b, -561 = -2*k - 0*b + 5*b. Suppose -17 = -5*a + k. Let x = a + -35. Is x prime?
True
Let l be ((-4)/6)/(2/6). Is 93/l*4/(-6) a prime number?
True
Let b = 12 + -9. Let s(u) = 3*u**2 + 3*u + 1. Is s(b) a composite number?
False
Let b = 2 + -4. Let h(n) = -7*n**3 + 2*n**2 + 2*n - 1. Is h(b) prime?
True
Let s be -5 + 6 - 38/(-1). Suppose -142 = -4*v + 162. Let i = v - s. Is i a composite number?
False
Let d be 446 - 1*(-2)/1. Suppose 4*a - 4*s = -0*a + d, 4*s + 109 = a. Is a a composite number?
False
Let s(o) = 214*o**2 + o. Is s(1) a prime number?
False
Is 2/2 + (-12272)/(-8) a prime number?
False
Suppose 3*k + 0 - 3 = 0. Let q(z) = -21*z**3 + 5*z**2 + 6*z + 7. Let i(t) = 42*t**3 - 11*t**2 - 13*t - 15. Let o(j) = -6*i(j) - 13*q(j)